{"id":113,"date":"2026-02-03T20:24:46","date_gmt":"2026-02-03T23:24:46","guid":{"rendered":"https:\/\/wici.fci.unb.br\/?page_id=113"},"modified":"2026-02-07T11:45:26","modified_gmt":"2026-02-07T14:45:26","slug":"sobre-o-wici","status":"publish","type":"page","link":"https:\/\/wici.fci.unb.br\/?page_id=113","title":{"rendered":"Sobre"},"content":{"rendered":"\n<p>O Workshop Internacional em Ci\u00eancia da Informa\u00e7\u00e3o (WICI) \u00e9 um evento anual promovido pelo Programa de P\u00f3s-gradua\u00e7\u00e3o em Ci\u00eancia da Informa\u00e7\u00e3o da Universidade de Bras\u00edlia (PPGCINF\/UnB) desde 2006, com objetivo de trazer pesquisadores internacionais e nacionais para a discuss\u00e3o das v\u00e1rias interfaces da Ci\u00eancia da Informa\u00e7\u00e3o. Os resultados alcan\u00e7ados trouxeram ao PPGCINF in\u00fameros benef\u00edcios na coopera\u00e7\u00e3o interinstitucional e na inova\u00e7\u00e3o. Os objetivos do evento s\u00e3o: Promover a coopera\u00e7\u00e3o por meio da identifica\u00e7\u00e3o de interfaces interdisciplinares da Ci\u00eancia da Informa\u00e7\u00e3o. Criar o ambiente de coopera\u00e7\u00e3o e troca de experi\u00eancias acad\u00eamicas, durante o per\u00edodo de realiza\u00e7\u00e3o do evento e estender a experi\u00eancia para os espa\u00e7os de pesquisa na p\u00f3s-gradua\u00e7\u00e3o e gradua\u00e7\u00e3o. Incentivar os participantes a compartilhar os resultados de pesquisas acad\u00eamicas. Adensar o conhecimento dos grupos de pesquisa do PPGCINF, por meio da exposi\u00e7\u00e3o de experi\u00eancias de palestrantes nacionais e internacionais. Identificar interfaces de coopera\u00e7\u00e3o entre os Grupos de Pesquisa do PPGCINF. Identificar pesquisadores que possam colaborar para o avan\u00e7o das pesquisas em andamento no Brasil em Ci\u00eancia da Informa\u00e7\u00e3o<\/p>\n\n\n\n<p><a href=\"https:\/\/www.ppgcinf.fci.unb.br\/en\/noticias-eventos\/wici\">Saiba mais<\/a> sobre o WICI.<\/p>\n\n\n\n<p><\/p>\n\n\n\n<p><\/p>\n","protected":false},"excerpt":{"rendered":"<p>O Workshop Internacional em Ci\u00eancia da Informa\u00e7\u00e3o (WICI) \u00e9 um evento anual promovido pelo Programa de P\u00f3s-gradua\u00e7\u00e3o em Ci\u00eancia da Informa\u00e7\u00e3o da Universidade de Bras\u00edlia (PPGCINF\/UnB) desde 2006, com objetivo de trazer pesquisadores internacionais e nacionais para a discuss\u00e3o das v\u00e1rias interfaces da Ci\u00eancia da Informa\u00e7\u00e3o. Os resultados alcan\u00e7ados trouxeram ao PPGCINF in\u00fameros benef\u00edcios na [&hellip;]<\/p>\n","protected":false},"author":2,"featured_media":0,"parent":0,"menu_order":0,"comment_status":"closed","ping_status":"closed","template":"","meta":{"footnotes":""},"class_list":["post-113","page","type-page","status-publish","hentry"],"blocksy_meta":[],"_links":{"self":[{"href":"https:\/\/wici.fci.unb.br\/index.php?rest_route=\/wp\/v2\/pages\/113","targetHints":{"allow":["GET"]}}],"collection":[{"href":"https:\/\/wici.fci.unb.br\/index.php?rest_route=\/wp\/v2\/pages"}],"about":[{"href":"https:\/\/wici.fci.unb.br\/index.php?rest_route=\/wp\/v2\/types\/page"}],"author":[{"embeddable":true,"href":"https:\/\/wici.fci.unb.br\/index.php?rest_route=\/wp\/v2\/users\/2"}],"replies":[{"embeddable":true,"href":"https:\/\/wici.fci.unb.br\/index.php?rest_route=%2Fwp%2Fv2%2Fcomments&post=113"}],"version-history":[{"count":5,"href":"https:\/\/wici.fci.unb.br\/index.php?rest_route=\/wp\/v2\/pages\/113\/revisions"}],"predecessor-version":[{"id":240,"href":"https:\/\/wici.fci.unb.br\/index.php?rest_route=\/wp\/v2\/pages\/113\/revisions\/240"}],"wp:attachment":[{"href":"https:\/\/wici.fci.unb.br\/index.php?rest_route=%2Fwp%2Fv2%2Fmedia&parent=113"}],"curies":[{"name":"wp","href":"https:\/\/api.w.org\/{rel}","templated":true}]}}